. What are the prime factors of q?
5
Let j be 1*(4/4 - 14). Let u = 18 + j. Let g(r) = r**2 + 2*r - 2. What are the prime factors of g(u)?
3, 11
Let o(q) = 3*q**3 - 3*q**2 - q + 3. Let s be o(2). What are the prime factors of (-26)/(((-8)/s)/4)?
13
Let g(q) = 20 - 6*q + q + 3*q. Let v be (-16)/6 + 16/24 + -14. What are the prime factors of g(v)?
2, 13
Let m(d) = -d**3 - 3*d**2 - d - 7. Let z be m(-3). Let w = 33 + z. List the prime factors of w.
29
Let q(z) = z**2 - 10. Let y be q(10). Let j = 228 - y. List the prime factors of j.
2, 3, 23
Let n(w) = -2*w**2 + 3*w. Let j be n(0). Suppose 7*x - 10*x + 102 = j. What are the prime factors of x?
2, 17
What are the prime factors of ((-36)/1)/((-80)/3240)?
2, 3
Let o(s) be the second derivative of s**4/6 + 8*s**3/3 - 4*s**2 - 38*s - 1. Let c be (-114)/10 - (-2)/5. What are the prime factors of o(c)?
2, 29
Let w = -18 + 16. Let m be 240*(w + 12/15). What are the prime factors of (6/8)/((-6)/m)?
2, 3
Suppose -28 - 68 = -3*w. Suppose 2*x - w = -6. What are the prime factors of x?
13
Suppose -8*k = -4*k - 4. List the prime factors of k/(-4) - (-1875)/12.
2, 3, 13
Let a(t) = 12*t**2 - 39 + 0*t**3 + 50 - 3*t + t**3. What are the prime factors of a(-12)?
47
Let u = -21 - -23. Suppose z + z = -u*w + 76, 155 = 4*z + 5*w. What are the prime factors of z?
5, 7
Let l(t) = 3*t**3 + 10*t**2 + 14*t + 5. Let v(u) = -u**3 - u. Let b(i) = -l(i) - 4*v(i). Let d be b(11). What are the prime factors of d*-1*55/(-10)?
3, 11
Suppose 4*d - 5*d + 544 = 0. Suppose 0 = 7*p + p - d. List the prime factors of p.
2, 17
Let c = 1 - -28. Let s = c - 11. Let z(i) = 4*i - 14. List the prime factors of z(s).
2, 29
Suppose -9*k + 2240 = -k. What are the prime factors of ((-18)/7)/((-8)/k)?
2, 3, 5
Suppose 2 + 4 = -2*d, 3*d + 605 = 4*f. Let b = f - 101. What are the prime factors of b?
2, 3
Let q(v) = 21*v - 10. Let w be (116/(-36) - -6) + 4/18. What are the prime factors of q(w)?
53
Suppose p - 4*u = 1431, -5*u + 3*u = -6. List the prime factors of p.
3, 13, 37
Suppose 7*o - 13 = 57. Suppose 2*m - o = -6. What are the prime factors of m?
2
Let h(c) = c**3 + 2*c**2 - 2*c + 3. Let n be h(-3). Let g = n + 10. Suppose t - g = -1. What are the prime factors of t?
3
Let v be (3 - 2)/((-4)/(-12)). Let u(c) = c**2 + 3*c - 3*c. List the prime factors of u(v).
3
Suppose 0 = -k + 2*u - 32, 0 = 3*k - 4*u + 40 + 48. Let h be 1/3 + (-1264)/k. Let n = 124 - h. What are the prime factors of n?
71
Let k(d) = 3*d**2 - 8*d - 1. Let w be k(6). Suppose -4*s - 3 = -w. What are the prime factors of s?
2, 7
Let y be (-35)/(-1) - 4/(-2). Suppose -y = -5*h - 2. Suppose 3*u - 4*t - 60 = 0, -4*u = h*t - 3*t - 80. What are the prime factors of u?
2, 5
Let z(m) = 18*m + 62. Let d be z(26). Suppose 0 = 3*s + 3*n + 276 - 1056, -2*s - 4*n + d = 0. What are the prime factors of s?
3, 5, 17
What are the prime factors of (24 - 17) + (556 - 1)?
2, 281
Suppose 32*b - 94 = 30*b. Suppose p - b = 95. What are the prime factors of p?
2, 71
List the prime factors of 2543 - (-12 + 18/3).
2549
Let c(l) = l**3 + 25*l**2 - l + 71. List the prime factors of c(-23).
2, 3
Let c(z) = 6*z**2 + 4*z. What are the prime factors of c(-8)?
2, 11
Suppose 2*i - 8 = 2. Let m be (1 + (-6)/15)*i. Suppose -3*o + 30 = -m*s, -3*o + 6*o - 4*s - 25 = 0. List the prime factors of o.
3, 5
Let j(z) = -3*z**2 + 2*z + 24. Let k(s) = 2*s**2 - 2*s - 23. Let h(t) = -3*j(t) - 4*k(t). List the prime factors of h(-13).
163
Let x(m) = m**2 + 39*m - 23. Let b be x(-37). Let p(r) = 23*r + 6. Let j be p(6). Let o = j + b. What are the prime factors of o?
47
Suppose -5*p + 4090 = 5*r, -p - 4*r = p - 1640. What are the prime factors of (-4)/((-28)/3) - p/(-7)?
3, 13
Suppose 0 = -6*m - 2 - 16. What are the prime factors of (21/6 + m)*74?
37
Let j(n) = n. Let v be j(2). Suppose -v = 7*i - 9*i. List the prime factors of (i - -3)/(-9 - -10).
2
Let h be (0 - -1)*74*-2. Let j = h + 225. What are the prime factors of j?
7, 11
Let s = 34 + 6. Let t be (-882)/70*s/(-6). Let q = t - 60. List the prime factors of q.
2, 3
Let s(h) = 4*h**2 - 4*h + 4. Let j be s(2). Suppose j - 7 = -5*p. What are the prime factors of 282/9 + p/3?
31
Let r = -953 + 1504. List the prime factors of r.
19, 29
Suppose -184*h = -169*h - 9870. What are the prime factors of h?
2, 7, 47
Let s be ((-4)/4)/(-1) - 4. Let z(b) = 8*b**2 + 5*b + 12. What are the prime factors of z(s)?
3, 23
Let s = -35 + 35. Suppose 0 = -t + v + 3, s*t - 2*t + 12 = v. Suppose -t*q = -y - 14, 3*q - 3*y = -q + 20. List the prime factors of q.
2
Let v(a) = 104*a + 22. List the prime factors of v(4).
2, 3, 73
Let f(g) = 2*g**3 + 2*g + 4. Let m(z) = -3*z**3 - 2*z - 5. Let t(p) = -6*f(p) - 5*m(p). What are the prime factors of t(3)?
2, 19
Let m be 6 - (12/4 + 0). Suppose 61 = m*n - 2*n - 4*o, 230 = 5*n + 5*o. List the prime factors of (4 - (-21)/(-3)) + n.
2, 23
Suppose 3*l - 396 = -k, 4*l - 6*k = -5*k + 528. Let y = 372 - l. List the prime factors of y.
2, 3, 5
Suppose -m + 4*m + s = 1105, 5*m = 2*s + 1838. Let a = -198 + m. List the prime factors of a.
2, 5, 17
Let y(t) be the second derivative of 4*t**4/3 + t**3/3 + 4*t. What are the prime factors of y(2)?
2, 17
Let u = -51 + 422. What are the prime factors of u?
7, 53
Let f(k) = k**2 + 17*k - 63. List the prime factors of f(9).
3, 19
Let t be 206/14 + (-12)/(-42). Let v = t + -8. List the prime factors of v.
7
Suppose -q - 724 = -6*h + h, -4*h + 2*q = -584. Suppose -5*x - h = -7*x. List the prime factors of x.
2, 3
Suppose 108 = 4*w - 5*c, 0 = -4*w - 0*c + 3*c + 116. Let p = 28 - w. What are the prime factors of p/14 - (-4758)/91?
2, 13
Let c(s) = -14*s**3. Let k be c(-1). Let n = 64 - k. Suppose -3*g + 30 = -t, 2*g - 4*t = -3*g + n. List the prime factors of g.
2, 5
Let m = -1 + 4. Let h = m - -20. What are the prime factors of h?
23
Let j = 18 - 2. Let c = j + -6. What are the prime factors of c?
2, 5
Let t(y) = 2*y - 8. Let p be t(-5). Let n = 53 + p. What are the prime factors of n?
5, 7
Let z = 4 + -1. Suppose -185 = -8*p + z*p. What are the prime factors of p?
37
Let f = 1083 - 620. What are the prime factors of f?
463
Let q(g) be the first derivative of 32/3*g**3 + 8 - 2*g + 3/2*g**2. List the prime factors of q(1).
3, 11
Let y(g) be the second derivative of -g**4/12 - g**3/3 + 5*g**2 - 5*g. List the prime factors of y(0).
2, 5
Suppose 0 = -2*f + 135 + 99. Suppose -x + 2*q = -0*q - f, 252 = 2*x + 5*q. List the prime factors of x.
11
Let d(t) = 22*t. Let c be d(-3). Let l = c - -99. What are the prime factors of l?
3, 11
Suppose 3*s - y - 23938 = 0, -3*s = y + 13174 - 37122. Let n = 15065 - s. What are the prime factors of n/115 + (-4)/(-10)?
2, 31
List the prime factors of (49/(-28))/(1/(-744)).
2, 3, 7, 31
Let b be 2*1 - (15/(-3) - -16). Let s(l) = -6*l - 14. What are the prime factors of s(b)?
2, 5
Let f = 41 + -41. Suppose f = -3*k + 19 + 116. List the prime factors of k.
3, 5
Let l(t) = -t**3 + 11*t**2 - 8*t - 14. Let z = 12 + -2. What are the prime factors of l(z)?
2, 3
Let y = 9 - 9. Suppose -4*n + 204 = 3*i, -2*i + 2*n + 0*n + 150 = y. List the prime factors of i.
2, 3
Suppose 0 = -g + 2*k + 1, -g = 2*k + 2*k - 1. Let q = 64 + -24. List the prime factors of (24/q)/(g/5).
3
Suppose 0 = 4*k - 2990 - 1774. Suppose 55 = 3*g - 3*f - 665, 2*f + k = 5*g. What are the prime factors of g?
3, 79
Let n(f) be the second derivative of -f**3/3 + 5*f**2 + 8*f. What are the prime factors of n(-19)?
2, 3
Let m = -12 - -51. Let g = m + 62. List the prime factors of g.
101
Let q = 22 + -13. Let y = -9 + q. Suppose 2*k - 27 = -t, 2*t = 2*k - y - 12. What are the prime factors of k?
11
Let d(n) = 3*n**3 + 3*n**2 - 2. Let f be d(-2). Let o = 19 + -11. List the prime factors of (-1 - (-4)/o)*f.
7
Suppose 4*n - 5 = -13. Let s be (9 + -8)*(-8)/n. Suppose 2*x + 2 + s = 0, 81 = 3*v + x. What are the prime factors of v?
2, 7
Let z = -893 - -1519. What are the prime factors of z?
2, 313
Let u(j) = 20*j**2 - 13*j - 2. Let t be u(10). Let n be 5/((-20)/t) + -3. List the prime factors of (n/30)/(1/(-3)).
47
Suppose -4*t - 16 + 52 = 0. Suppose -t*m + 3*m = -138. List the prime factors of m.
23
Suppose 2 = 4*f - 6. Let h(p) be the third derivative of p**4/2 + p**3/6 - 4*p**2. What are the prime factors of h(f)?
5
Let m be (-2)/8 - (-738)/8. Let